 divided by 7.
6
Suppose -40*q - g - 79 = -44*q, -4*g = 2*q - 62. Calculate the remainder when (-3)/(-4)*48/1 is divided by q.
15
Let l be 1 + (-2 - -5)*1. Calculate the remainder when (32/1)/(10 - 209/22) is divided by (-688)/(-20) - l/10.
30
Suppose 12*u + 27 = 267. Suppose 380 = v - 0*v. Suppose -v = -5*g + 4*t, -5*t - u = g - 67. What is the remainder when g is divided by 15?
12
Let n = 3660 + -3146. Calculate the remainder when n is divided by 105.
94
Let t be (-10)/25 - (-104)/10. Suppose -30*q + 7010 = 6110. What is the remainder when q is divided by t - (3 - 1 - 0)?
6
Let g = -26846 + 27157. What is the remainder when g is divided by 309?
2
Let a = 8678 - 2679. What is the remainder when a is divided by 150?
149
Let t be 1565/(-3) + 1 + 7/(-21). Let o = -494 - t. Let u = 269 + -137. What is the remainder when u is divided by o?
24
Suppose 0 = 24*n - 26*n + 34. Let z = 33 - n. Suppose 22 = z*q - 14*q. What is the remainder when 21 is divided by q?
10
Suppose 0 = 258*h - 260*h + 82. Let j(u) = -7*u**2 + 312*u - 16. Calculate the remainder when j(44) is divided by h.
37
Calculate the remainder when ((-294)/(-77))/(44/484) is divided by 24.
18
Let w be (-6)/9 - ((-595)/(-15))/(-7). Suppose 42 = -w*f + 6*f. Suppose 45*b - 297 = f*b. Calculate the remainder when b is divided by 20.
19
Let a(y) = 2*y + 4. Suppose 0 = -5*o + 206 - 186. What is the remainder when a(3) is divided by 4 + (1 - o/(-2))?
3
Suppose 3*m = -m - 468. Let u = -99 - m. Let s = u + 1. What is the remainder when s is divided by 11?
8
What is the remainder when (-6124)/48*-4 - (2 + (-6)/9) is divided by 169?
2
Suppose -144*o - 8 = -152*o. Suppose -5*k + 417 = -2*x, x + 829 = -3*x + 5*k. Calculate the remainder when (-4)/(8/x) - (o - 0) is divided by 26.
24
Suppose 21*h = 8521 - 835. Suppose 284 = 5*a - a + 3*g, 152 = 2*a - g. Calculate the remainder when h is divided by a.
70
Let d(z) = 19*z - 5. Calculate the remainder when d(9) is divided by 3/((-216)/(-1866)) - 9/(-108).
10
Let w be (8 - (-3 - -8))/(-1). What is the remainder when (w - -4)/((-1)/(-73)) is divided by 9 - 11 - (-2 - 7)?
3
Suppose u - 4*a - 196 = 0, 4*u - a + 59 = 738. Calculate the remainder when u is divided by 138.
30
Let p = 3004 + -2933. Calculate the remainder when 365 is divided by p.
10
Let w = -2130 - -1502. Let t = w - -652. What is the remainder when 238 is divided by t?
22
Let m = 9 + 6. What is the remainder when (-156)/18*18/8*(-64)/48 is divided by m?
11
Let b = 285 - 283. Suppose 11*m - 16*m = -b*v - 656, -5*m - v = -662. What is the remainder when m is divided by 34?
30
Suppose -4*a = 4*y - 2176, 3*a - 9*y - 1642 = -14*y. What is the remainder when a is divided by 15?
14
Let a(c) = -c**2 + 11*c + 11. Let s(j) = j**2 + 12*j + 11. Let o be s(-9). Let i = o - -47. What is the remainder when i is divided by a(11)?
9
Suppose -68*g = -67*g + 6. What is the remainder when -5 + g/2 + 47 is divided by 12?
3
Let f(y) = -y**2 + 10*y + 4. Let g be f(-5). Let d = g - -38. Let s = 42 + d. Calculate the remainder when 33 is divided by s.
6
Let d be (116/12)/((4 - 10)/54). What is the remainder when (-14)/35 - d*2/10 is divided by 13?
4
Let j = 77 + -82. Let n be (-4)/((-92)/(-20) + j). Calculate the remainder when 35 is divided by n - ((-40)/16 - 2/(-4)).
11
Let r = -39 + 39. Let o(x) = -11*x + 101. Calculate the remainder when o(r) is divided by 29.
14
Suppose 4*m + 4*c = 8, c + 1 + 1 = 0. Suppose -m*w + 16 = 0, -5*w - 796 = -4*y - 0*w. Suppose -4*p = 2*p - y. Calculate the remainder when p is divided by 18.
16
Let z = -32283 + 32346. Calculate the remainder when 519 is divided by z.
15
Calculate the remainder when 129 is divided by 112/(-20)*(-60)/(-8)*-1.
3
Let n be 198/(12/(-4 - -10)). Calculate the remainder when -6*(-11)/(n/240) is divided by 41.
37
Suppose -2*k - 5*d = -1808 - 1255, -2*d + 7605 = 5*k. What is the remainder when k is divided by 40?
39
Suppose -5*r = l - 1271, 5*l - 7*l = -2*r + 506. Calculate the remainder when r is divided by 52.
46
Let f(l) = 26*l**2 - 19*l - 172. Calculate the remainder when f(7) is divided by 108.
105
Suppose q - h - 43 - 55 = 0, 2*q = 5*h + 205. Let z(f) = f**3 - 19*f**2 + 23*f - 66. Calculate the remainder when q is divided by z(18).
23
Suppose 4*c = 3*u, -12 + 47 = -5*c - 5*u. Let x be ((-630)/40 - -15) + (-33)/4. What is the remainder when 22 is divided by (c/x)/((-7)/(-126))?
4
Suppose 0 = -3*g + j - 7, 5*j - 4 = 2*g - 21. What is the remainder when 15/20*g + (262 - -1) is divided by 44?
40
Let g = -28913 - -29109. Calculate the remainder when 641 is divided by g.
53
Let p = 2720 - 2671. Calculate the remainder when p is divided by 17.
15
Let w(q) = 2*q**3 - 28*q**2 - 11*q - 4. Let f(a) = -17*a + 525. Let j be f(30). What is the remainder when w(j) is divided by 73?
62
Suppose r = -4*r + 3*h + 241, 2*r + 2*h - 106 = 0. Let x(f) = -f**2 + 10*f - 7. Let i = -138 + 145. What is the remainder when r is divided by x(i)?
8
Calculate the remainder when 214 is divided by -7 - ((-72)/(-28))/(4/(-56)).
11
Let u = -11797 + 11878. Calculate the remainder when 1675 is divided by u.
55
Let v(l) = 90*l + 20. Let j be v(6). Suppose 0*p + 14*p - j = 0. Calculate the remainder when p is divided by (-169)/(-8) + (-1)/8.
19
Suppose 13*u - 4*x = 10*u + 2665, -875 = -u - 2*x. What is the remainder when u is divided by 43?
23
Suppose -87*a - 8 = -79*a. Calculate the remainder when 72 is divided by ((-36)/108)/(a/39).
7
What is the remainder when (1 - 2)*(-228 - 69) is divided by 5?
2
Let g be (0 - -1*1)*(-16 + -70). Suppose 0 = -5*y - 5*i + 815, 0 = -5*y + i - 2*i + 799. Let m = y + g. Calculate the remainder when m is divided by 37.
36
Suppose 3*z - j = 16, 4*z + j - 6*j = 36. Suppose 2*a + 11 + 3 = 3*c, 3*c = -5*a + 7. What is the remainder when (-21)/6*(-3 - a) is divided by z?
3
Let j(m) = 125*m**2 + 344*m - 13. What is the remainder when 22157 is divided by j(-3)?
77
Let d = 22207 + -21833. Calculate the remainder when d is divided by 96.
86
Let v(p) = -p**3 - 5*p**2 - 12*p - 176. Calculate the remainder when 124 is divided by v(-7).
4
Calculate the remainder when 27*((-108)/180 - (-48)/5) is divided by 27.
0
Let x be (-6)/(-9) + (-2 - 3904/6). Let i = 682 + x. What is the remainder when 145 is divided by i?
25
Calculate the remainder when (6 - -1)*(-93564)/(-483) is divided by 449.
9
Let z = 332 - 545. Let u = z - -312. Let l = -19028 + 19062. Calculate the remainder when u is divided by l.
31
Let a(s) = -s**3 + 20*s**2 - 9*s - 51. Let h = -114 - -133. Calculate the remainder when a(h) is divided by 28.
27
Suppose -7*w = -9*w + 5*g + 28, 2*g = w - 14. Let d be 2268/35 + (-1)/(-5). Suppose -17 = -2*z + d. What is the remainder when z is divided by w?
13
Let h be 14672/210 - (-6)/45. Let a = 153 - h. Calculate the remainder when a is divided by 12.
11
Let p = -326 - -332. Suppose -p*u + 27 = -273. What is the remainder when 70 is divided by u?
20
Let j(w) = -w**3 + 55*w**2 - 42*w - 449. Calculate the remainder when j(54) is divided by 14.
3
Let v(b) = b**3 + 17*b**2 + 17*b + 254. Calculate the remainder when v(-13) is divided by 159.
73
Let m(v) = v**3 + 30*v**2 + 28*v + 31. Suppose -1676 = 58*x - 60*x - 5*h, -4*x - 4*h + 3352 = 0. Calculate the remainder when x is divided by m(-29).
58
Suppose -5*s = -3*b - 14308, 5*b - 6*b - 5724 = -2*s. Calculate the remainder when s is divided by 15.
14
Suppose n + 2*n - 11 = 5*j, -5*j - 9 = -2*n. Let q be n*(-2 + 1) + 13. Suppose -5*i + 9 + q = 0. What is the remainder when 5 is divided by i?
1
Let r(n) = 4*n**2 - 15*n - 1. Let f be r(4). Suppose 5*g = -2*o + 8, o - f + 9 = -5*g. Calculate the remainder when 81 is divided by o.
11
Suppose h + 1 = 11. Let r be (-10)/(-25) + 1016/h. Calculate the remainder when 3*r/(-18)*(-1 + 0) is divided by 4.
1
Let j = -417 + 1037. Suppose 12*r + 826 - 765 = 337. What is the remainder when j is divided by r?
22
Suppose -1632 = 7*j - 6280. Calculate the remainder when 590 is divided by 16/72 - j/(-9).
72
Suppose 2*g - 1409 = -3*i, -2*i - g = -0*i - 938. Suppose m + 3*m + 4*a = 348, 3*a = 5*m - i. Calculate the remainder when m is divided by 23.
22
Suppose 2*o = -2*h + 171 - 3, -5*o + 4*h = -456. Suppose 8*c + 44 - 124 = 0. What is the remainder when o is divided by c?
8
Let p = -228 - -218. Suppose 